pose 2*j + 2*m - 516 = l, 4*j - 707 = 5*m + 307. List the prime factors of j.
2
Let a(z) be the third derivative of -z**6/120 - z**5/30 + z**4/8 - 11*z**3/6 + 3*z**2. Let n be a(-4). What are the prime factors of (-98)/(-3) - n/(-27)?
3, 11
Suppose 3*l + 33 = -x, 5*x + 6*l = 2*l - 154. Let j = x + 5. Let r = 71 + j. List the prime factors of r.
2, 23
Suppose -5*x - 129 = -2*n, -1 - 56 = -n + x. Let i be (1 + (3 - 3))*n. Let f = 54 - i. List the prime factors of f.
2
Let k be (-1 + 5)/12*(-1 + 1). Suppose k = -4*t - 4*n, -t + 4*n = t + 12. What are the prime factors of ((-2 - 2) + t/2)*-27?
3, 5
Let w(f) be the second derivative of 1/10*f**5 - 5/2*f**2 + 2/3*f**3 + 0 + 42*f - 1/3*f**4. What are the prime factors of w(4)?
3, 5
Suppose 28*w = 11619 + 16358 + 33791. List the prime factors of w.
2, 1103
Let z(x) = 16*x**2 + 8*x - 90. List the prime factors of z(18).
2, 3, 97
Suppose -4*k + 24 = 2*k. Let p(t) = 4 + k*t + t**2 - 3*t + 2*t. What are the prime factors of p(7)?
2, 37
Let m be ((-5)/(-2))/((-2)/52). Let i(a) = -53*a**2 + 643*a - 9. Let c be i(12). Let v = c + m. What are the prime factors of v?
2, 5
Suppose 3*y - 97 = -1720. Let w = y - -762. Suppose 55 = 4*b - w. What are the prime factors of b?
3, 23
Let t(p) = p**2 - 13*p + 12. Let z be t(12). Suppose v + 1 = 2*k, -4*k - 5*v + 1 + 22 = z. What are the prime factors of (-17)/(-1) - (5 - k)?
2, 7
Suppose b = 48 + 63. List the prime factors of (37/b)/((-1)/(-3*395)).
5, 79
Let z(j) = -2*j**2 + 11*j - 10. Let k be z(4). Suppose -k*y + 5*y = 18. List the prime factors of (189/4)/(y/16).
2, 3, 7
Let y(f) = -f - 1. Let b be y(-5). Suppose 5*p - 15 = -h, 23 = 4*p - h + b*h. Suppose -v - 1 = 1, p*d - 130 = 2*v. What are the prime factors of d?
3, 7
Suppose m + 3*n - 6*n = -629, -5*m = -n + 3131. Let q = 4 - m. What are the prime factors of q/4 - (3 + (-49)/14)?
2, 79
Let y(r) = 109*r - 180. Let x be y(-8). Let u = -466 - x. List the prime factors of u.
2, 293
Suppose -2*j = -2, -5*j = -4*v + 2*v - 217. Let p = -32 - v. Suppose 10 = 2*b, -r + 5*b + p = -13. What are the prime factors of r?
2, 7
Let o(i) = i**3 + 15*i**2 - 15*i + 33. Let q be o(-16). Suppose -3 = -c + 2. Let z = q - c. List the prime factors of z.
2, 3
Let m(h) be the first derivative of -h**3 - 61*h**2/2 - 25*h - 70. What are the prime factors of m(-18)?
101
Suppose 4*w = 5*t - 19064, -5*t - 2*w + 0*w = -19088. List the prime factors of t.
2, 3, 53
Suppose 5*z = 4*x - 10, -3*z - 2*x + 12 = -4. List the prime factors of (-292)/z*455/(-130).
7, 73
List the prime factors of ((9/((-81)/(-147144)))/(8/(-12)))/(-4).
6131
Let n = -516 + 792. Let a = 454 - n. Suppose a = 5*k - 2. What are the prime factors of k?
2, 3
Let o(w) be the second derivative of w**5/20 + 5*w**4/3 + 3*w**3 + 43*w**2/2 + 10*w. Suppose -26*j + 20*j - 114 = 0. List the prime factors of o(j).
2, 31
Let b = 162 - 153. Let y(m) = 15*m + 42. List the prime factors of y(b).
3, 59
Let a(r) = -5*r**3 - 3*r**2 + 8*r + 46. Let d be a(-4). Let q = d - -596. List the prime factors of q.
2, 3, 7
Suppose s + 6*q = 7358, 7*s + 5*q + 14784 = 9*s. List the prime factors of s.
2, 3691
Let g(a) = 68*a + 75. Let z be g(22). Suppose -2*d + 3*m = -0*d - z, -2*m - 6 = 0. List the prime factors of d.
11, 71
Let k(y) = 3*y**2 - 11*y + 5. Let g = -73 + 75. Suppose 0*j + 2*j - 19 = 5*v, 5*v = -g*j - 31. List the prime factors of k(v).
3, 5
Let t = -5302 - -17789. List the prime factors of t.
12487
Let s = 2151 - -525. Suppose -q = 5*q - s. List the prime factors of q.
2, 223
Let i = 114533 + -79190. What are the prime factors of i?
3, 7, 11, 17
Suppose 8*f - 81 + 433 = 0. Let t = f + 48. Suppose 3*g = 5*u + 19, -t*g - 2*u - 2 = -10. List the prime factors of g.
3
Let a(z) = z**3 + 23*z**2 - 25*z - 20. Let y be (-3 - -4)/(3/(-72)). Let o be a(y). Suppose 3*p = -o*p + 987. What are the prime factors of p?
3, 47
Let o = 1295 - -41. Let x = o - 560. What are the prime factors of x?
2, 97
Let u(k) = 2*k**3 + 3*k**2 + 4*k - 1. Let y = 15 + -19. Let h be u(y). Let b = h + 153. List the prime factors of b.
2, 7
Let x(y) = 289*y + 129. Let z be x(14). What are the prime factors of 2/3 - z/(-15)?
3, 31
What are the prime factors of (((-13123)/(-22))/(-1))/(2/(-28))?
7, 1193
Let u(h) = 2*h**3 + 25*h**2 + 3*h + 22. Let y be u(-12). Suppose v = 3*g - y + 402, -5*v + 1324 = -3*g. List the prime factors of v.
263
Let h(d) = -2*d**3 - 7*d**2 - 16*d - 559. What are the prime factors of h(-19)?
2, 1367
Let i(x) = -7*x - 87. Let q be i(-16). Suppose 0 = -q*r + 3802 + 14673. What are the prime factors of r?
739
Let t = -20751 + 35811. What are the prime factors of t?
2, 3, 5, 251
Let o(b) = -50*b**2 - 8*b - 14. Let n be o(-3). Let a = n - -647. What are the prime factors of a?
3, 23
List the prime factors of ((-1)/(-4))/(140/1017520).
23, 79
Let o(m) = m**3 + 23*m**2 - 20*m + 104. Let f be o(-24). What are the prime factors of 68 - ((-12)/2)/(10 - f)?
71
Let g = 854 + -480. Let m = g + 76. What are the prime factors of m?
2, 3, 5
Let s = 2572 - 995. Suppose -2158 = 5*j + s. Let v = -514 - j. List the prime factors of v.
233
List the prime factors of 74/(-20) + 4 - 55570/(-100).
2, 139
Suppose 3*b - 7546 - 1759 = -f, b = -3*f + 27851. List the prime factors of f.
9281
Let l = 10 + -48. Let z be l/6 + 3 + 3/9. Let p(i) = 4*i**2 - 5*i - 1. What are the prime factors of p(z)?
2, 5
List the prime factors of (58*3/5)/((-123)/(-9430)).
2, 23, 29
Suppose -2*a = -27*f + 29*f - 7334, -4*a = -8. What are the prime factors of f?
5, 733
List the prime factors of 9/(-21) + 695557/21 + (-2)/(-3).
2, 16561
Suppose 0 = -189*h + 201*h - 924. Let f(t) = 194*t - 1. Let w be f(1). Let z = w - h. List the prime factors of z.
2, 29
Let b(i) = -6*i**2 - 16*i + 4. Let m(z) = 13*z**2 + 33*z - 10. Let s(a) = 5*b(a) + 3*m(a). List the prime factors of s(-8).
2, 3, 23
Suppose 0 = -t + 3*t - x + 1, 5*t + 2 = 2*x. Suppose t = 17*a - 18*a + 111. List the prime factors of a.
3, 37
Suppose 2*p - 23198 = -b, 4*p + 46398 = 8*p + 3*b. What are the prime factors of p?
2, 3, 1933
Let c(j) = j**3 - 2*j**2 - 7*j + 5. Let i be c(5). Let u be (-12)/(-90) + 669/i. What are the prime factors of 1*-3*((-2650)/u)/5?
2, 53
Let i be (120/(-96))/((-2)/(-8)). Let m(s) = -s**3 - 2*s**2 - 2*s - 42. List the prime factors of m(i).
43
Let z(i) = 6*i + 1712*i**2 - 4*i - 1714*i**2 + 4 - 1320*i**3. What are the prime factors of z(-1)?
2, 3, 5, 11
Let v(t) = 23*t**2 - 2*t - 17. Suppose -2*x - 12 = 4*q, -4*q + 0*q = -x + 12. What are the prime factors of v(q)?
2, 7
Let c(i) = 102*i**2 - 93*i - 1065. What are the prime factors of c(-15)?
2, 3, 5, 97
Let c(m) = -20*m**3 + 6*m**2 + 3*m + 9. Let n be (-3)/2 - (-30)/(-20). What are the prime factors of c(n)?
2, 3, 11
Let n(o) = o**2 + 13*o + 146. List the prime factors of n(15).
2, 283
Let q(k) = 1. Let i be -1*3*(2 - 5/3). Let b(w) = -3*w - 1. Let l(f) = i*b(f) + 6*q(f). What are the prime factors of l(14)?
7
Suppose 0 = 6*u + 2*u - 88. Suppose 0 = -u*i - 1231 + 13694. List the prime factors of i.
11, 103
Let x(h) = 365*h - 2178. What are the prime factors of x(54)?
2, 3, 487
Let v(n) = -n**2 - 5*n + 7. Let d be v(-3). Suppose -343 = -d*o + 658. List the prime factors of o.
7, 11
Let j be 5107 + (-1 - -1) + 5. Let g be 14/(-2)*(j/14)/(-6). Suppose -c + 4 = 0, 3*p - g = 3*c - 6*c. What are the prime factors of p?
2, 3, 23
Suppose 32732 = 3*a + a - 5*u, 2*u - 16366 = -2*a. What are the prime factors of a?
7, 167
Let z(d) = 113*d**2 - 51*d + 257. List the prime factors of z(10).
11047
Let a(b) = -b**3 + 4*b**2 + 9*b + 21. Let h(o) = o**3 - 4*o**2 - 10*o - 20. Let t(l) = -5*a(l) - 4*h(l). What are the prime factors of t(9)?
5, 67
Suppose -269*j + f = -271*j + 7515, 4*j = f + 15045. List the prime factors of j.
2, 5, 47
Let c be (-4)/(-2)*198/(-36). Let q = 10 + c. List the prime factors of (-67 - q)/(-3) + 2.
2, 3
Let i(c) = 15*c**2 - 4*c - 576. List the prime factors of i(18).
2, 3, 13
Suppose 3*d = -c + 132380, 109300 = 5*d - 4*c - 111356. List the prime factors of d.
2, 7, 197
Suppose 295137 = -68*t + 684576 + 264517. What are the prime factors of t?
59, 163
Let c be (-22624)/(-42)*(-3)/2*-2. Suppose -c = -8*k + 176. List the prime factors of k.
2, 7
Let p be (12 - 2003) + (-3 + 0)/1. Let s = -986 - p. What are the pr